rs of w.
3307
Suppose -9*o + 252 = -3*o. Let u = o + 113. What are the prime factors of u?
5, 31
Let g = 73 + -201. Let b = g - -131. What are the prime factors of (438/8)/(b*1/16)?
2, 73
What are the prime factors of -8 + 5 + (-1)/9 + (-19100496)/(-432)?
3, 14737
Let x(a) be the second derivative of 25*a**3/6 - 10*a**2 - 9*a + 1. What are the prime factors of x(20)?
2, 3, 5
Suppose 45*x = t + 41*x - 18016, 5*t + x - 89954 = 0. What are the prime factors of t?
2, 13, 173
Suppose 47 = -25*p + 172. Suppose -2*d + 3*m = -0*d - 432, -d = p*m - 203. What are the prime factors of d?
3, 71
Let q = 27 + -111. Let t = 94 + q. What are the prime factors of (-971)/(-5) + ((-2)/t - -1)?
3, 5, 13
Suppose -2*g + 23*n = 22*n - 7337, -3*n = -3*g + 11001. List the prime factors of g.
2, 5, 367
Let m(d) = 152*d + 12. Let a be m(2). Suppose -13*p - a = -966. Suppose 0*k - 5*y + 20 = k, k = y + p. List the prime factors of k.
3, 5
Suppose 4*u + 19 = 5*b, -3*u + 5*b - 7*b = 20. What are the prime factors of 641 - (3 - (6 + u))?
2, 11, 29
Suppose -2*t + 2*l + 284 = -486, 4*l - 1148 = -3*t. Suppose 0 = -14*j + 17*j - t. List the prime factors of j.
2
Suppose -333*b + 901084 - 295024 = 0. List the prime factors of b.
2, 5, 7, 13
Let h(y) = -4*y**3 + 6*y**2 - 5*y + 2. Let g(i) = -13*i**3 + 20*i**2 - 14*i + 6. Let x(a) = -4*g(a) + 14*h(a). List the prime factors of x(-5).
2, 337
Let b(x) = -10*x + 160 - 146 + 7*x**2 - 32*x. List the prime factors of b(12).
2, 7, 37
Let m = 36 - 12. Let k = 239 - m. List the prime factors of k.
5, 43
Let t(q) = -q**3 + 6*q**2 + q - 6. Let u = -79 + 85. Let f be t(u). Suppose -2*k + 4 = -j, -2*k + 4 + 6 = f. List the prime factors of j.
2, 3
Suppose 0 = -3*a + v + 41, 5*a = -v - v + 61. Let d(g) = 10*g**3 - a*g**3 + 20*g**3 - g**2 - 3*g + 2. What are the prime factors of d(2)?
2
Suppose -b - 2101 = -6139. List the prime factors of b.
2, 3, 673
Let i(o) = 443*o**2 - 6*o + 20. List the prime factors of i(3).
3989
Suppose -3*t = -m + 2*m, m = 0. Suppose t = -12*s - 0*s + 528. List the prime factors of s.
2, 11
Suppose 6*l - 7*l = -2. Let u(s) = 15 - 6*s + s - 5*s**l + 2*s + 0*s + s**3. List the prime factors of u(6).
3, 11
Let i be 30*16/72*3. Let a(r) = 374*r + 6. Let w be a(5). What are the prime factors of (-16)/i - w/(-20)?
3, 31
Let z(q) = -q**2 + 12*q + 34. Let l be z(14). Suppose 3565 = l*s + 7. List the prime factors of s.
593
Let l(w) = 351*w**2 - 62*w - 151. What are the prime factors of l(8)?
21817
Let f = -191 + 161. What are the prime factors of 1/(-6) - (2 - (-16865)/f)?
2, 5, 7
Let f be (100/(-8))/(2/(-76)). Suppose 3*s + 91 - f = 0. List the prime factors of s.
2
Let i = 3964 + 435. What are the prime factors of i?
53, 83
Suppose 32480 = -863*c + 873*c. What are the prime factors of c?
2, 7, 29
Suppose -95*c + 11779901 - 4212486 = 0. What are the prime factors of c?
79657
Let j = -2 - -6. Let t(r) = -r**2 + 3*r + 20. Let q be t(0). Suppose -j*a - 166 = -5*u, -2*a = 3*a + q. What are the prime factors of u?
2, 3, 5
Let p be -3 + 0 + (2 - 2). Let k(g) = -1056*g - 57. Let l(z) = -130*z - 7. Let w(b) = -4*k(b) + 33*l(b). List the prime factors of w(p).
3, 5, 13
Suppose 13 = n - h, 5*h = -5*n + 6*n - 9. Suppose 7055 = n*p - 1527. What are the prime factors of p?
613
Suppose 102547 = 2*n + 15*n - 100773. What are the prime factors of n?
2, 5, 13, 23
Let x = -3523 + 11589. What are the prime factors of x?
2, 37, 109
Suppose 0 = -i + v + 17, 0 = 3*i - 0*v - 5*v - 47. Suppose -13*y = -i*y + 5490. List the prime factors of y.
3, 5, 61
Let b be ((8/(-12))/(-1))/(2/12). Let o be (102/4)/((-6)/(-36)). What are the prime factors of 1/(b/o) + (-7)/28?
2, 19
Let d(g) be the third derivative of -g**4/12 + 8*g**3 - 2*g**2. Let o(r) = 11*r + 284. Let n be o(-25). What are the prime factors of d(n)?
2, 3, 5
Let q be 2 + 0 - 8/(-6 + 8). Let s be 0 - (-895 + q/(-1)). Suppose 3*l + 4*m = s, -l + 306 = 3*m - 0*m. What are the prime factors of l?
3, 97
Let l(k) = 8*k - 13. Let s = -29 + 41. List the prime factors of l(s).
83
Let g = -98 + 101. Suppose 0 = g*v + 8 - 5. List the prime factors of 0 - (5/(-5) + -217 + v).
3, 73
Let w(t) = 274*t**2 + 3*t + 1. Let k be w(-1). Let i = 444 + k. What are the prime factors of i?
2, 179
Let c = 80 - 75. Suppose c*v + 7 = -2*y + 9, 2 = 3*v + y. List the prime factors of v.
2
Suppose -1227 = -9*o + 15. Let j = o + 92. Let s = j + -44. List the prime factors of s.
2, 3, 31
Let t(l) = -l**2 + 6*l + 14. Let o be t(6). Suppose 0 = o*h + 445 - 7249. List the prime factors of h.
2, 3
Let o be (1 - (-7 + 2) - -4) + -4. Let x(u) = 8*u - 17*u - 18*u - o*u + 22. List the prime factors of x(-4).
2, 7, 11
Suppose -15 = -5*y, 0 = -2*v - 2*v + y + 189. Suppose -19*u = -23*u + v. List the prime factors of u.
2, 3
What are the prime factors of (-29)/(-10) - 3 - (-2305010)/100?
2, 5, 461
Let a = 340 + -331. Suppose 0*b - b + 1935 = 5*i, -3*b = i - 373. Suppose a*h - i = -1. List the prime factors of h.
43
Let h = 204 - -141. What are the prime factors of 5/(h/(-6)) - (-184212)/322?
2, 11, 13
Let h be -2 + -5 + 4 + 1766. Suppose 0 = -3*c + x + h, -c + 18*x + 579 = 22*x. What are the prime factors of c?
587
Let p = -137 + 26. Let h be (-9)/(216/30) - (-6970)/40. Let f = h + p. What are the prime factors of f?
2, 31
Let g(l) = 9*l - 155. Let o be g(18). Let k(v) = -14*v + 110. What are the prime factors of k(o)?
2, 3
Suppose 28*t - 6035 = 23*t. Suppose t = a - 3*c, 0 = -9*a + 12*a + 3*c - 3621. What are the prime factors of a?
17, 71
Let i = 4300 - 3731. What are the prime factors of i?
569
Let c be -1*3*(-30)/(-9). Let m be (-9 + -15)/((-3)/(-8)). Let o = c - m. List the prime factors of o.
2, 3
Let s(z) = 4*z**2 + 9*z - 10. Suppose 17*g - 90 = 29. What are the prime factors of s(g)?
3, 83
Suppose 258*p + 448698 = 309*p. What are the prime factors of p?
2, 53, 83
Suppose -4*f - 16*k = -12*k - 880, -216 = -f - 5*k. Suppose -f = -2*i + 463. List the prime factors of i.
2, 3, 19
Suppose -3*i - 2*l + 4272 = 0, -75*i = -76*i - l + 1425. What are the prime factors of i?
2, 3, 79
Let x(t) = 24*t - 23. Suppose 3*u = -0*u. Suppose u = -6*p + 32 + 10. List the prime factors of x(p).
5, 29
Let v(i) = i**3 - 87*i**2 + 194*i + 594. What are the prime factors of v(85)?
2, 3, 439
Let s = -7313 + 16422. List the prime factors of s.
9109
Suppose -39*o = -33*o - 1950. Let c = -4 + 9. Suppose c*y + 0*y - o = 0. What are the prime factors of y?
5, 13
Let u = -68 - -68. Suppose u = -2*s + 3*s - 44. What are the prime factors of s?
2, 11
Let w(r) = -r**3 + 17*r**2 - 14*r - 12. Let m(i) = i**3 - 17*i**2 + 14*i + 13. Let f(c) = 3*m(c) + 4*w(c). What are the prime factors of f(13)?
5, 97
Let u(b) = -3*b**3 - 45*b**2 - 170*b + 241. What are the prime factors of u(-30)?
45841
Let t(r) = 135*r**2 + 92*r - 11. List the prime factors of t(-11).
2, 3, 11, 29
Suppose 0 = 14*b - 172107 - 35569. List the prime factors of b.
2, 7417
Suppose -34*i - 19*i = -10918. Let x = -7 + i. List the prime factors of x.
199
Suppose -4*t + 44141 = 5*f, -3*t + 29215 + 3908 = -2*f. What are the prime factors of t?
7, 19, 83
Let y(k) = 2*k**2 + 7*k + 13. Let f be y(-7). Suppose f = 3*j + 47. Suppose 172 = x - j*s, 0 = -5*x - 0*x - 5*s + 980. List the prime factors of x.
2, 3
Suppose 19*i - 421495 - 47056 = -99761. List the prime factors of i.
2, 3, 5, 647
Let u be -10 - -11 - 4/2. Let d be (u - 0)*(-3 + 145/(-5)). Let q = 120 + d. List the prime factors of q.
2, 19
Let o = 6043 + 5543. List the prime factors of o.
2, 3, 1931
Let u = 185 + -327. Let a = 346 + u. List the prime factors of a.
2, 3, 17
Let l(a) = -a**2 + 8*a - 3. Let v be l(7). Let u be (-9)/(-3) - 85 - v. Let i = 57 - u. What are the prime factors of i?
11, 13
Suppose 5*p - 2*c - 1655 = 0, 0 = 4*c - 5*c - 5. What are the prime factors of p?
7, 47
Let y(j) = -2*j**3 - 35*j**2 + 30*j + 878. List the prime factors of y(-22).
2, 2287
List the prime factors of (-4624)/(-48) + (-28)/21.
5, 19
Let q = -98 - -104. Suppose -q*s - 6 = -2*h - 7*s, -5*s - 45 = -5*h. Suppose -3*v + 3*l = -17 - 13, -3*v = -h*l - 30. List the prime factors of v.
2, 5
Suppose 6*b = 640 + 644. Let q = b + -4. What are the prime factors of q?
2, 3, 5, 7
Let m(j) = 549*j**2 + 644*j - 28. What are the prime factors of m(-8)?
2, 7489
Let q = -1636 + 